te the highest common divisor of 7303507 and 1333.
1333
Calculate the highest common divisor of 2048 and 112.
16
What is the greatest common divisor of 772680 and 47?
47
What is the greatest common divisor of 1104 and 65872?
368
Calculate the greatest common divisor of 2500 and 113000.
500
What is the highest common factor of 3797969 and 7?
7
What is the highest common factor of 1822523 and 653?
653
What is the greatest common factor of 372 and 263562?
186
Calculate the greatest common divisor of 1573 and 22867.
13
What is the greatest common divisor of 260 and 80?
20
Calculate the highest common divisor of 130101 and 119.
17
Calculate the greatest common divisor of 2304 and 9288.
72
What is the highest common factor of 110 and 25900?
10
What is the greatest common divisor of 29282 and 363?
121
What is the highest common divisor of 2314 and 11986?
26
Calculate the highest common factor of 110 and 815.
5
Calculate the greatest common divisor of 219 and 2755677.
219
What is the greatest common divisor of 30227 and 167?
167
What is the highest common divisor of 1023 and 37169?
341
Calculate the greatest common factor of 131888 and 24.
8
What is the greatest common factor of 139 and 7131673?
139
What is the greatest common factor of 134868 and 60?
12
What is the greatest common divisor of 1575 and 56385?
315
What is the greatest common divisor of 820 and 413280?
820
Calculate the greatest common divisor of 16908 and 100.
4
Calculate the greatest common divisor of 181723 and 598.
23
Calculate the greatest common factor of 5883 and 259.
37
Calculate the highest common factor of 2520 and 128394.
126
What is the greatest common divisor of 330 and 202785?
165
Calculate the highest common factor of 1450 and 25450.
50
What is the greatest common divisor of 2226 and 4134?
318
What is the greatest common divisor of 246415 and 7?
1
Calculate the greatest common divisor of 84 and 11616.
12
What is the highest common factor of 754 and 6264?
58
What is the greatest common divisor of 92 and 26335?
23
Calculate the greatest common divisor of 449970 and 5088.
318
What is the greatest common factor of 940 and 2540?
20
What is the highest common factor of 26 and 36439?
13
What is the highest common factor of 188997 and 219?
219
Calculate the highest common divisor of 102 and 538424.
34
Calculate the greatest common divisor of 73 and 178120.
73
What is the highest common divisor of 54090 and 5?
5
Calculate the highest common divisor of 18852 and 66.
6
Calculate the greatest common factor of 2016 and 21294.
126
What is the highest common divisor of 1068753 and 14?
7
Calculate the highest common factor of 1130787 and 108.
27
Calculate the highest common divisor of 405 and 14835.
15
What is the highest common divisor of 11718 and 1890?
378
What is the highest common divisor of 228 and 5034012?
228
Calculate the highest common divisor of 37734 and 3724.
38
Calculate the greatest common factor of 17815 and 210.
35
Calculate the greatest common divisor of 117252 and 1944.
36
What is the highest common divisor of 236 and 64546?
118
Calculate the greatest common factor of 5 and 1205045.
5
Calculate the highest common divisor of 13 and 531856.
13
Calculate the greatest common divisor of 198940 and 10780.
980
Calculate the highest common factor of 572 and 138944.
52
What is the greatest common factor of 2184 and 43602?
78
Calculate the highest common divisor of 13920 and 32944.
464
Calculate the highest common factor of 22001 and 931.
49
What is the highest common divisor of 52 and 17904?
4
What is the highest common factor of 58933 and 7?
7
Calculate the greatest common factor of 16 and 114488.
8
What is the greatest common factor of 450179 and 1184?
37
Calculate the greatest common divisor of 2880 and 3088.
16
What is the greatest common divisor of 3128 and 232?
8
What is the greatest common divisor of 8437 and 78?
13
Calculate the greatest common divisor of 2580 and 73788.
516
What is the highest common factor of 130051 and 1?
1
What is the greatest common factor of 3873 and 5784?
3
Calculate the highest common divisor of 8170 and 688.
86
Calculate the highest common divisor of 1149 and 67.
1
What is the greatest common factor of 6112 and 15662?
382
Calculate the greatest common divisor of 630 and 26110.
70
Calculate the highest common divisor of 40 and 3126640.
40
Calculate the greatest common factor of 1377 and 513.
27
What is the highest common factor of 777 and 8820?
21
What is the greatest common divisor of 255 and 120666?
51
Calculate the highest common factor of 14896 and 104664.
392
What is the greatest common factor of 712 and 324138?
178
What is the greatest common divisor of 212420 and 585?
65
What is the greatest common factor of 11649960 and 644?
644
Calculate the greatest common divisor of 13743 and 1.
1
What is the highest common divisor of 432 and 9684?
36
What is the greatest common divisor of 10654 and 70?
14
Calculate the highest common factor of 11214 and 504.
126
What is the greatest common divisor of 11 and 1951048?
11
What is the greatest common factor of 1 and 16427?
1
What is the greatest common factor of 15119 and 65?
13
What is the highest common factor of 88320 and 780?
60
What is the highest common factor of 216 and 8808?
24
Calculate the greatest common factor of 13245 and 15.
15
Calculate the greatest common divisor of 1806 and 1245237.
903
Calculate the highest common divisor of 96937 and 279.
31
Calculate the greatest common divisor of 54 and 2182.
2
Calculate the greatest common factor of 638 and 291566.
638
Calculate the greatest common divisor of 69185 and 128780.
685
Calculate the greatest common divisor of 10595 and 830485.
815
Calculate the greatest common factor of 23985 and 15210.
585
Calculate the greatest common divisor of 50293 and 11837.
19
Calculate the greatest common factor of 2266 and 1782.
22
What is the highest common divisor of 449491 and 4908?
409
What is the greatest common divisor of 4248 and 1121?
59
Calculate the greatest common divisor of 1107579 and 66.
33
Calculate the greatest common factor of 20 and 6306940.
20
What is the highest common factor of 47145 and 5805?
15
Calculate the greatest common factor of 210 and 311310.
30
Calculate the greatest common factor of 325 and 167440.
65
Calculate the highest common factor of 200560 and 805.
115
Calculate the greatest common divisor of 7038 and 4163.
23
What is the greatest common factor of 12640 and 4000?
160
Calculate the greatest common divisor of 36 and 106644.
12
Calculate the greatest common factor of 49591 and 202.
101
Calculate the highest common divisor of 53808 and 12.
12
Calculate the highest common divisor of 474167 and 1141.
163
Calculate the greatest common factor of 14 and 111118.
14
Calculate the greatest common divisor of 25 and 153775.
25
What is the greatest common divisor of 40740 and 291?
291
What is the highest common factor of 139 and 3779549?
139
Calculate the highest common factor of 2923 and 2607.
79
What is the highest common factor of 26 and 2111122?
26
What is the greatest common factor of 2770 and 590?
10
Calculate the highest common factor of 403 and 573500.
31
Calculate the highest common divisor of 27076 and 196.
28
Calculate the highest common divisor of 230 and 157458.
46
What is the greatest common factor of 61094 and 110?
22
Calculate the highest common factor of 7 and 50449.
7
Calculate the greatest common factor of 275 and 35300.
25
What is the highest common divisor of 472 and 19706?
118
What is the greatest common divisor of 115 and 140507?
23
Calculate the highest common factor of 42 and 73654.
14
Calculate the highest common factor of 36 and 239907.
3
Calculate the highest common divisor of 28 and 13864.
4
What is the highest common divisor of 64 and 6?
2
What is the highest common divisor of 21556 and 17?
17
Calculate the greatest common factor of 600 and 7056.
24
What is the highest common divisor of 220 and 4110700?
220
What is the highest common divisor of 2944 and 1280?
128
What is the highest common factor of 568071 and 126?
63
Calculate the highest common divisor of 86075 and 22.
11
Calculate the highest common divisor of 258 and 16125.
129
Calculate the greatest common factor of 777 and 123.
3
Calculate the highe